{"id":701,"date":"2024-08-28T12:49:20","date_gmt":"2024-08-28T12:49:20","guid":{"rendered":"https:\/\/dielinke-hilft.online\/?page_id=701"},"modified":"2024-08-28T15:20:51","modified_gmt":"2024-08-28T15:20:51","slug":"wohngeldhilfe","status":"publish","type":"page","link":"https:\/\/dielinke-hilft.online\/ingolstadt\/wohngeldhilfe\/","title":{"rendered":"Wohngeldhilfe"},"content":{"rendered":"\t\t<div data-elementor-type=\"wp-page\" data-elementor-id=\"701\" class=\"elementor elementor-701\" data-elementor-post-type=\"page\">\n\t\t\t\t<div class=\"elementor-element elementor-element-88fbb71 e-flex e-con-boxed e-con e-parent\" data-id=\"88fbb71\" data-element_type=\"container\" data-e-type=\"container\">\n\t\t\t\t\t<div class=\"e-con-inner\">\n\t\t\t\t<div class=\"elementor-element elementor-element-f67bf16 elementor-widget elementor-widget-text-editor\" data-id=\"f67bf16\" data-element_type=\"widget\" data-e-type=\"widget\" data-widget_type=\"text-editor.default\">\n\t\t\t\t<div class=\"elementor-widget-container\">\n\t\t\t\t\t\t\t\t\t<p><em>Wichtiger Hinweis: Wenn Du nicht aktiv l\u00fcgst, kannst Du bei der Antragsstellung wenig falsch machen. <\/em><\/p><p><em>F\u00fcll den Antrag einfach so gut es geht aus, wir haben Dir noch einen Leitfaden geschrieben, der jeden Punkt des Antrags nochmal einfach erkl\u00e4rt. <\/em><\/p><p><em>Solltest Du Nachweise nicht sofort zur Hand haben, schick den Antrag trotzdem schon mal ab und gib in der Email dazu an, dass du entsprechende Belege nachreichst, DENN: <\/em><\/p><p><em>Der Zeitpunkt des Antragseingangs beim Amt entscheidet dar\u00fcber, ab welchem Monat Du Wohngeld bekommst. Wir haben dir dazu eine Mailvorlage erstellt, um es Dir m\u00f6glichst einfach zu machen.\u00a0<\/em><\/p>\t\t\t\t\t\t\t\t<\/div>\n\t\t\t\t<\/div>\n\t\t\t\t\t<\/div>\n\t\t\t\t<\/div>\n\t\t<div class=\"elementor-element elementor-element-03460f0 e-flex e-con-boxed e-con e-parent\" data-id=\"03460f0\" data-element_type=\"container\" data-e-type=\"container\">\n\t\t\t\t\t<div class=\"e-con-inner\">\n\t\t\t\t<div class=\"elementor-element elementor-element-793a09c elementor-widget elementor-widget-heading\" data-id=\"793a09c\" data-element_type=\"widget\" data-e-type=\"widget\" data-widget_type=\"heading.default\">\n\t\t\t\t<div class=\"elementor-widget-container\">\n\t\t\t\t\t<h2 class=\"elementor-heading-title elementor-size-default\">Schritte zum Wohngeld<\/h2>\t\t\t\t<\/div>\n\t\t\t\t<\/div>\n\t\t\t\t\t<\/div>\n\t\t\t\t<\/div>\n\t\t<div class=\"elementor-element elementor-element-b773758 e-flex e-con-boxed e-con e-parent\" data-id=\"b773758\" data-element_type=\"container\" data-e-type=\"container\">\n\t\t\t\t\t<div class=\"e-con-inner\">\n\t\t<div class=\"elementor-element elementor-element-4c19a7a e-con-full e-flex e-con e-child\" data-id=\"4c19a7a\" data-element_type=\"container\" data-e-type=\"container\">\n\t\t\t\t<div class=\"elementor-element elementor-element-ed2da3f elementor-widget elementor-widget-text-editor\" data-id=\"ed2da3f\" data-element_type=\"widget\" data-e-type=\"widget\" data-widget_type=\"text-editor.default\">\n\t\t\t\t<div class=\"elementor-widget-container\">\n\t\t\t\t\t\t\t\t\t<ol><li><b>Anspruch pr\u00fcfen: <\/b>Pr\u00fcfe mit dem Ingolst\u00e4dter Wohngeldrechner, wieviel Wohngeld Dir zusteht: <a href=\"https:\/\/www.ingolstadt.de\/index.php?La=1&amp;object=tx,3052.17998.1&amp;kuo=2&amp;sub=0\">Zum Wohngeldrechner<\/a><\/li><li><b>Hier Antrag und Formular Verdienstnachweis herunterladen:<br \/><\/b>&#8211;\u00a0<a href=\"https:\/\/dielinke-hilft.online\/wp-content\/uploads\/2024\/08\/Wohngeldantrag.pdf\">Wohngeldantrag<\/a><br \/>&#8211;\u00a0<a href=\"https:\/\/dielinke-hilft.online\/wp-content\/uploads\/2024\/08\/Verdienstbescheinigung.pdf\" target=\"_blank\" rel=\"noopener\">Verdienstbescheinigung\u00a0<\/a><\/li><li>Antrag und Verdienstnachweis ausf\u00fcllen (<a href=\"https:\/\/dielinke-hilft.online\/wp-content\/uploads\/2024\/08\/Leitfaden.pdf\" target=\"_blank\" rel=\"noopener\">Leitfaden mit Hilfestellungen<\/a>)<\/li><li>Antrag und Verdienstnachweis abschicken an: wohngeld@ingolstadt.de<\/li><\/ol>\t\t\t\t\t\t\t\t<\/div>\n\t\t\t\t<\/div>\n\t\t\t\t<div class=\"elementor-element elementor-element-dabc19f elementor-widget elementor-widget-accordion\" data-id=\"dabc19f\" data-element_type=\"widget\" data-e-type=\"widget\" data-widget_type=\"accordion.default\">\n\t\t\t\t<div class=\"elementor-widget-container\">\n\t\t\t\t\t\t\t<div class=\"elementor-accordion\">\n\t\t\t\t\t\t\t<div class=\"elementor-accordion-item\">\n\t\t\t\t\t<div id=\"elementor-tab-title-2291\" class=\"elementor-tab-title\" data-tab=\"1\" role=\"button\" aria-controls=\"elementor-tab-content-2291\" aria-expanded=\"false\">\n\t\t\t\t\t\t\t\t\t\t\t\t\t<span class=\"elementor-accordion-icon elementor-accordion-icon-left\" aria-hidden=\"true\">\n\t\t\t\t\t\t\t\t\t\t\t\t\t\t\t<span class=\"elementor-accordion-icon-closed\"><svg class=\"e-font-icon-svg e-fas-plus\" viewBox=\"0 0 448 512\" xmlns=\"http:\/\/www.w3.org\/2000\/svg\"><path d=\"M416 208H272V64c0-17.67-14.33-32-32-32h-32c-17.67 0-32 14.33-32 32v144H32c-17.67 0-32 14.33-32 32v32c0 17.67 14.33 32 32 32h144v144c0 17.67 14.33 32 32 32h32c17.67 0 32-14.33 32-32V304h144c17.67 0 32-14.33 32-32v-32c0-17.67-14.33-32-32-32z\"><\/path><\/svg><\/span>\n\t\t\t\t\t\t\t\t<span class=\"elementor-accordion-icon-opened\"><svg class=\"e-font-icon-svg e-fas-minus\" viewBox=\"0 0 448 512\" xmlns=\"http:\/\/www.w3.org\/2000\/svg\"><path d=\"M416 208H32c-17.67 0-32 14.33-32 32v32c0 17.67 14.33 32 32 32h384c17.67 0 32-14.33 32-32v-32c0-17.67-14.33-32-32-32z\"><\/path><\/svg><\/span>\n\t\t\t\t\t\t\t\t\t\t\t\t\t\t<\/span>\n\t\t\t\t\t\t\t\t\t\t\t\t<a class=\"elementor-accordion-title\" tabindex=\"0\">Email Vorlage f\u00fcr das Anschreiben ans Wohngeldamt zur Einreichung des Antrags<\/a>\n\t\t\t\t\t<\/div>\n\t\t\t\t\t<div id=\"elementor-tab-content-2291\" class=\"elementor-tab-content elementor-clearfix\" data-tab=\"1\" role=\"region\" aria-labelledby=\"elementor-tab-title-2291\"><p>Betreff: Einreichung des Wohngeldantrags<\/p><p>Sehr geehrte Damen und Herren,<\/p><p>hiermit reiche ich meinen Wohngeldantrag ein.<\/p><p><em>Ich m\u00f6chte darauf hinweisen, dass einige Belege zurzeit noch fehlen. Ich werde diese fehlenden Unterlagen schnellstm\u00f6glich nachreichen. Ich bitte darum, den Wohngeldantrag dennoch bereits jetzt zu bearbeiten.<\/em> <br \/><br \/>Sollten noch weitere Unterlagen oder Informationen fehlen, bitte ich Sie, mich dar\u00fcber zu informieren, damit ich diese umgehend nachreichen kann.<\/p><p>Vielen Dank f\u00fcr Ihr Verst\u00e4ndnis und Ihre Unterst\u00fctzung.<\/p><p>Mit freundlichen Gr\u00fc\u00dfen,<br \/><br \/>[Dein Name] <br \/>[Deine Anschrift] <br \/>[Deine Telefonnummer]<\/p><\/div>\n\t\t\t\t<\/div>\n\t\t\t\t\t\t\t\t<\/div>\n\t\t\t\t\t\t<\/div>\n\t\t\t\t<\/div>\n\t\t\t\t<\/div>\n\t\t\t\t<div class=\"elementor-element elementor-element-38641e4 elementor-widget elementor-widget-heading\" data-id=\"38641e4\" data-element_type=\"widget\" data-e-type=\"widget\" data-widget_type=\"heading.default\">\n\t\t\t\t<div class=\"elementor-widget-container\">\n\t\t\t\t\t<h2 class=\"elementor-heading-title elementor-size-default\">Hilfestellung: <\/h2>\t\t\t\t<\/div>\n\t\t\t\t<\/div>\n\t\t\t\t<div class=\"elementor-element elementor-element-b8dbc1f elementor-widget elementor-widget-text-editor\" data-id=\"b8dbc1f\" data-element_type=\"widget\" data-e-type=\"widget\" data-widget_type=\"text-editor.default\">\n\t\t\t\t<div class=\"elementor-widget-container\">\n\t\t\t\t\t\t\t\t\t<ul><li><b>Leitfaden mit Erkl\u00e4rungen zu jeder Frage des Wohngeldantrags (<a href=\"https:\/\/dielinke-hilft.online\/wp-content\/uploads\/2024\/08\/Leitfaden.pdf\">hier downloaden<\/a>)<\/b><\/li><\/ul>\t\t\t\t\t\t\t\t<\/div>\n\t\t\t\t<\/div>\n\t\t\t\t<div class=\"elementor-element elementor-element-f6ae7b4 elementor-widget elementor-widget-spacer\" data-id=\"f6ae7b4\" data-element_type=\"widget\" data-e-type=\"widget\" data-widget_type=\"spacer.default\">\n\t\t\t\t<div class=\"elementor-widget-container\">\n\t\t\t\t\t\t\t<div class=\"elementor-spacer\">\n\t\t\t<div class=\"elementor-spacer-inner\"><\/div>\n\t\t<\/div>\n\t\t\t\t\t\t<\/div>\n\t\t\t\t<\/div>\n\t\t\t\t<div class=\"elementor-element elementor-element-280fa17 elementor-widget elementor-widget-heading\" data-id=\"280fa17\" data-element_type=\"widget\" data-e-type=\"widget\" data-widget_type=\"heading.default\">\n\t\t\t\t<div class=\"elementor-widget-container\">\n\t\t\t\t\t<h2 class=\"elementor-heading-title elementor-size-default\">Wenn ihr dringend auf das Geld angewiesen seid und keine Zeit habt lange auf das Amt zu warten: <\/h2>\t\t\t\t<\/div>\n\t\t\t\t<\/div>\n\t\t\t\t<div class=\"elementor-element elementor-element-dea4fb4 elementor-widget elementor-widget-text-editor\" data-id=\"dea4fb4\" data-element_type=\"widget\" data-e-type=\"widget\" data-widget_type=\"text-editor.default\">\n\t\t\t\t<div class=\"elementor-widget-container\">\n\t\t\t\t\t\t\t\t\t<p>Die Bearbeitungsdauer f\u00fcr Wohngeldantr\u00e4ge liegt bei mehreren Monaten. Wenn du\u00a0 das Geld jedoch dringend schon vorher ben\u00f6tigst, kannst du einen Vorschuss beantragen. Dieser Vorschuss wird gew\u00f6hnlich bereits nach einem Monat ausbezahlt. <br \/><br \/><strong>WICHTIG:<\/strong> Es kann jedoch sein, dass dir mehr Wohngeld ausgezahlt wird, als dir eigentlich zusteht und du Geld zur\u00fcckzahlen musst.\u00a0<br \/><br \/>Mit der nachfolgenden Vorlage kannst du den Vorschuss beantragen mit einer Email an wohngeld@ingolstadt.de &#8211; beachte, dass das jedoch erst geht, wenn du den Wohngeldantrag bereits eingereicht hast. Du kannst den Vorschuss jedoch auch direkt nach dem Einreichen des Antrags beantragen.\u00a0<\/p>\t\t\t\t\t\t\t\t<\/div>\n\t\t\t\t<\/div>\n\t\t\t\t<div class=\"elementor-element elementor-element-474ef25 elementor-widget elementor-widget-accordion\" data-id=\"474ef25\" data-element_type=\"widget\" data-e-type=\"widget\" data-widget_type=\"accordion.default\">\n\t\t\t\t<div class=\"elementor-widget-container\">\n\t\t\t\t\t\t\t<div class=\"elementor-accordion\">\n\t\t\t\t\t\t\t<div class=\"elementor-accordion-item\">\n\t\t\t\t\t<div id=\"elementor-tab-title-7471\" class=\"elementor-tab-title\" data-tab=\"1\" role=\"button\" aria-controls=\"elementor-tab-content-7471\" aria-expanded=\"false\">\n\t\t\t\t\t\t\t\t\t\t\t\t\t<span class=\"elementor-accordion-icon elementor-accordion-icon-left\" aria-hidden=\"true\">\n\t\t\t\t\t\t\t\t\t\t\t\t\t\t\t<span class=\"elementor-accordion-icon-closed\"><svg class=\"e-font-icon-svg e-fas-plus\" viewBox=\"0 0 448 512\" xmlns=\"http:\/\/www.w3.org\/2000\/svg\"><path d=\"M416 208H272V64c0-17.67-14.33-32-32-32h-32c-17.67 0-32 14.33-32 32v144H32c-17.67 0-32 14.33-32 32v32c0 17.67 14.33 32 32 32h144v144c0 17.67 14.33 32 32 32h32c17.67 0 32-14.33 32-32V304h144c17.67 0 32-14.33 32-32v-32c0-17.67-14.33-32-32-32z\"><\/path><\/svg><\/span>\n\t\t\t\t\t\t\t\t<span class=\"elementor-accordion-icon-opened\"><svg class=\"e-font-icon-svg e-fas-minus\" viewBox=\"0 0 448 512\" xmlns=\"http:\/\/www.w3.org\/2000\/svg\"><path d=\"M416 208H32c-17.67 0-32 14.33-32 32v32c0 17.67 14.33 32 32 32h384c17.67 0 32-14.33 32-32v-32c0-17.67-14.33-32-32-32z\"><\/path><\/svg><\/span>\n\t\t\t\t\t\t\t\t\t\t\t\t\t\t<\/span>\n\t\t\t\t\t\t\t\t\t\t\t\t<a class=\"elementor-accordion-title\" tabindex=\"0\">Email Vorlage f\u00fcr die Beantragung eines Vorschuss<\/a>\n\t\t\t\t\t<\/div>\n\t\t\t\t\t<div id=\"elementor-tab-content-7471\" class=\"elementor-tab-content elementor-clearfix\" data-tab=\"1\" role=\"region\" aria-labelledby=\"elementor-tab-title-7471\"><p>Betreff: Wohngeld | Antrag auf Vorschuss<\/p><p>Sehr geehrte Damen und Herren,<\/p><p>ich habe k\u00fcrzlich einen Wohngeldantrag eingereicht, jedoch bin ich derzeit in einer sehr schwierigen finanziellen Lage. Da ich davon ausgehe, dass die Bearbeitung meines Antrags einige Zeit in Anspruch nehmen k\u00f6nnte, m\u00f6chte ich hiermit einen Vorschuss auf das zu erwartende Wohngeld beantragen.<\/p><p>Die aktuellen Umst\u00e4nde belasten meine finanzielle Situation erheblich, und ich w\u00fcrde diesen Vorschuss dringend ben\u00f6tigen, um meine laufenden Kosten decken zu k\u00f6nnen.<\/p><p>Ich hoffe auf Ihr Verst\u00e4ndnis und eine schnelle Bearbeitung meiner Anfrage. F\u00fcr R\u00fcckfragen stehe ich Ihnen jederzeit gerne zur Verf\u00fcgung.<\/p><p>Vielen Dank im Voraus f\u00fcr Ihre Unterst\u00fctzung.<\/p><p>Mit freundlichen Gr\u00fc\u00dfen,<br \/><br \/>[Dein Name] <br \/>[Deine Anschrift] <br \/>[Deine Telefonnummer]<\/p><p>\u00a0<\/p><\/div>\n\t\t\t\t<\/div>\n\t\t\t\t\t\t\t\t<\/div>\n\t\t\t\t\t\t<\/div>\n\t\t\t\t<\/div>\n\t\t\t\t<div class=\"elementor-element elementor-element-fb8ad72 elementor-widget elementor-widget-spacer\" data-id=\"fb8ad72\" data-element_type=\"widget\" data-e-type=\"widget\" data-widget_type=\"spacer.default\">\n\t\t\t\t<div class=\"elementor-widget-container\">\n\t\t\t\t\t\t\t<div class=\"elementor-spacer\">\n\t\t\t<div class=\"elementor-spacer-inner\"><\/div>\n\t\t<\/div>\n\t\t\t\t\t\t<\/div>\n\t\t\t\t<\/div>\n\t\t\t\t\t<\/div>\n\t\t\t\t<\/div>\n\t\t<div class=\"elementor-element elementor-element-2a9efdf e-flex e-con-boxed e-con e-parent\" data-id=\"2a9efdf\" data-element_type=\"container\" data-e-type=\"container\">\n\t\t\t\t\t<div class=\"e-con-inner\">\n\t\t\t\t<div class=\"elementor-element elementor-element-98855d5 elementor-widget elementor-widget-heading\" data-id=\"98855d5\" data-element_type=\"widget\" data-e-type=\"widget\" data-widget_type=\"heading.default\">\n\t\t\t\t<div class=\"elementor-widget-container\">\n\t\t\t\t\t<h2 class=\"elementor-heading-title elementor-size-default\">Weitere Fragen?<\/h2>\t\t\t\t<\/div>\n\t\t\t\t<\/div>\n\t\t\t\t\t<\/div>\n\t\t\t\t<\/div>\n\t\t<div class=\"elementor-element elementor-element-19b0224 e-flex e-con-boxed e-con e-parent\" data-id=\"19b0224\" data-element_type=\"container\" data-e-type=\"container\">\n\t\t\t\t\t<div class=\"e-con-inner\">\n\t\t\t\t<div class=\"elementor-element elementor-element-b28bea9 elementor-widget elementor-widget-text-editor\" data-id=\"b28bea9\" data-element_type=\"widget\" data-e-type=\"widget\" data-widget_type=\"text-editor.default\">\n\t\t\t\t<div class=\"elementor-widget-container\">\n\t\t\t\t\t\t\t\t\t<ul><li>Email an <a href=\"mailto: wohngeldhilfe@dielinke-ingolstadt.de\">wohngeldhilfe@dielinke-ingolstadt.de<\/a><\/li><li>Anrufen unter: <a href=\"tel:+4984190251384\">0841\/ 902 513 84<\/a><\/li><li>Live vor Ort im Linken B\u00fcro Am Bachl 16, in Ingolstadt, \u00d6ffnungszeiten Montag, 10:00-13:00 Uhr, Donnerstag 13:30-16:00 Uhr (<a href=\"https:\/\/maps.app.goo.gl\/RkCRcpexJ6vjjuZG8\">Googlemaps Route<\/a>) &#8211;\u00a0<em>hier helfen wir z.B. auch beim Ausdrucken der Formulare<\/em><\/li><\/ul>\t\t\t\t\t\t\t\t<\/div>\n\t\t\t\t<\/div>\n\t\t\t\t\t<\/div>\n\t\t\t\t<\/div>\n\t\t<div class=\"elementor-element elementor-element-9e626f9 e-flex e-con-boxed e-con e-parent\" data-id=\"9e626f9\" data-element_type=\"container\" data-e-type=\"container\">\n\t\t\t\t\t<div class=\"e-con-inner\">\n\t\t\t\t\t<\/div>\n\t\t\t\t<\/div>\n\t\t\t\t<\/div>\n\t\t","protected":false},"excerpt":{"rendered":"<p>Wichtiger Hinweis: Wenn Du nicht aktiv l\u00fcgst, kannst Du bei der Antragsstellung wenig falsch machen. F\u00fcll den Antrag einfach so gut es geht aus, wir haben Dir noch einen Leitfaden geschrieben, der jeden Punkt des Antrags nochmal einfach erkl\u00e4rt. Solltest Du Nachweise nicht sofort zur Hand haben, schick den Antrag trotzdem schon mal ab und [&hellip;]<\/p>\n","protected":false},"author":1,"featured_media":0,"parent":0,"menu_order":0,"comment_status":"closed","ping_status":"closed","template":"","meta":{"_acf_changed":false,"footnotes":""},"class_list":["post-701","page","type-page","status-publish","hentry"],"acf":[],"_links":{"self":[{"href":"https:\/\/dielinke-hilft.online\/ingolstadt\/wp-json\/wp\/v2\/pages\/701","targetHints":{"allow":["GET"]}}],"collection":[{"href":"https:\/\/dielinke-hilft.online\/ingolstadt\/wp-json\/wp\/v2\/pages"}],"about":[{"href":"https:\/\/dielinke-hilft.online\/ingolstadt\/wp-json\/wp\/v2\/types\/page"}],"author":[{"embeddable":true,"href":"https:\/\/dielinke-hilft.online\/ingolstadt\/wp-json\/wp\/v2\/users\/1"}],"replies":[{"embeddable":true,"href":"https:\/\/dielinke-hilft.online\/ingolstadt\/wp-json\/wp\/v2\/comments?post=701"}],"version-history":[{"count":31,"href":"https:\/\/dielinke-hilft.online\/ingolstadt\/wp-json\/wp\/v2\/pages\/701\/revisions"}],"predecessor-version":[{"id":744,"href":"https:\/\/dielinke-hilft.online\/ingolstadt\/wp-json\/wp\/v2\/pages\/701\/revisions\/744"}],"wp:attachment":[{"href":"https:\/\/dielinke-hilft.online\/ingolstadt\/wp-json\/wp\/v2\/media?parent=701"}],"curies":[{"name":"wp","href":"https:\/\/api.w.org\/{rel}","templated":true}]}}